.
5, 23
Let h = 3650 - 1563. List the prime factors of h.
2087
Suppose 2*d = 5215*o - 5210*o + 81247, 0 = -o - 5. What are the prime factors of d?
3, 13537
Let d be 122 + 6/(8 - 5). Suppose t - 100 = -0*w - 4*w, -5*w - t = -d. List the prime factors of w.
2, 3
Suppose 58*n - 233682 = 22*n + 13026. List the prime factors of n.
7, 11, 89
Suppose -311 = -f + 4*h - 5*h, -3*f + 5*h + 933 = 0. What are the prime factors of f + 10*3/6?
2, 79
Let t(z) = 78*z**3 + 5*z**2 - 5*z - 2. Let m be t(3). Suppose 3428 = 6*r - m. List the prime factors of r.
3, 103
Suppose -10 = 5*l, 0 = -z - 4*z + 2*l + 484. Suppose 0 = -27*s + 30 - 1056. Let w = z + s. What are the prime factors of w?
2, 29
Let v = 441 + -224. Let g be (1/(-5)*16 - -4)*155. Let l = v - g. List the prime factors of l.
3, 31
Suppose -s - 1482 = -l - 4*s, 0 = -3*l + 3*s + 4458. Suppose -k + l = 10*k. List the prime factors of k.
3, 5
Let f be 6/((-48)/(-8))*5. Suppose 2*o + f*d = 3*o - 936, -d = -5*o + 4608. What are the prime factors of o?
3, 307
Suppose 90 + 27 = 13*i. Suppose 0 = -i*o + 12*o - 933. List the prime factors of o.
311
Let m(d) = d**3 + 7*d**2 + d - 4. Suppose 6*w + 25 = w. Let t be -10*w/(-75)*6. What are the prime factors of m(t)?
2, 5
Let s(p) = -3*p**2 + 2*p - 2. Let h(z) = -z + 4. Let l be h(8). Let m be s(l). Let n = m - -154. List the prime factors of n.
2, 3
Let v = 4371 + 7940. List the prime factors of v.
13, 947
Let m(d) = 4*d**2 - d**3 + 0*d**3 + d**2. Let q = 228 - 224. What are the prime factors of m(q)?
2
Let w = 62948 - 13243. List the prime factors of w.
5, 9941
Let q be 28/(-8)*(-617 - -5)/1. Suppose 13*r = -4*r + q. What are the prime factors of r?
2, 3, 7
Let z(u) = -u**2 + 5*u + 16. Let l be z(7). Suppose -3*b = l*a - 2040, -2*b + 4*a + 108 = -1236. What are the prime factors of b?
2, 3, 113
Let r = -9 - -7. Let m(q) = -3*q**2 + 12*q - 41. Let d(s) = s**2 - s. Let v(j) = r*d(j) - m(j). List the prime factors of v(14).
97
Suppose 4*c - 2*r = 12302 + 13034, -2*c - 2*r = -12674. List the prime factors of c.
5, 7, 181
List the prime factors of (-1*((-14098)/(-56))/19)/((-2)/2224).
2, 53, 139
Let t be 3*3/(-21) + (-513)/(-21). Let u = t + -8. List the prime factors of (3 - 95/(-20))*u.
2, 31
Let i = -58 + 61. Let d be (-562)/i - 2/(-6). Let x = d - -285. What are the prime factors of x?
2, 7
Let y be 16/4 + 0 + (0 - -1). Suppose y*q - 3*q = -110. Let j = 139 + q. What are the prime factors of j?
2, 3, 7
Suppose 33284 = 46*a - 104383 - 29129. List the prime factors of a.
2, 7, 37
Suppose -5*v - 5*o = -3015, 0 = 4*v - 27*o + 20*o - 2423. What are the prime factors of v?
2, 151
Let c = 10141 + -5476. What are the prime factors of c?
3, 5, 311
Let r be (10/(-10))/((-1)/675). Suppose 5*f - 5*k - r = 0, 4*f + 3*k - 531 + 12 = 0. Suppose f = 6*n - 3*n. What are the prime factors of n?
2, 11
Let u(c) = 3*c**2 + 2*c - 3. Suppose j = -3*m + 19, 5*j = -3*m + 7 + 16. Suppose -q - 4*i - m = -3*i, -30 = 4*q + i. What are the prime factors of u(q)?
173
Suppose 97 = -0*t - t. Let q = t - -101. Suppose -q*h = 2*v - 193 - 507, 4*v = 16. List the prime factors of h.
173
Let v = 160 + -230. Let x = 68 + v. List the prime factors of (-3 - (-6665)/55) + x/11.
2, 59
Suppose 4*a + 66 = 1174. Let i = a - 16. What are the prime factors of i?
3, 29
Let i = 1063 + -448. List the prime factors of (i/10)/((-1)/((-24)/9)).
2, 41
Suppose 3*z - 6*z = 0. Let m be 0 + 3/(-3)*(-1 - 2). Suppose z = -x + 2*p + 81, -m*p = 5*x + p - 475. List the prime factors of x.
7, 13
Suppose 119*g = 112*g + 15596. Let j = g - 842. List the prime factors of j.
2, 3, 7, 11
Suppose 3*w - 4570 = -r, -3*r + 12076 = -3*w - 1670. What are the prime factors of r?
19, 241
Suppose 25*l - 24*l - 8 = 2*k, 8 = 4*l + 4*k. Suppose l*x + 2*t = -0*t + 1062, -2*x = -3*t - 535. List the prime factors of x.
2, 7, 19
Suppose -2632 = -4*n + 4*l, -2*l + 1030 = 3*n - 949. What are the prime factors of n?
659
Let g(v) be the third derivative of 25*v**4/24 - 25*v**3/6 - 30*v**2. Suppose 0 = 3*m + 4 - 19. What are the prime factors of g(m)?
2, 5
Let m(i) = -12*i - 62. Let g(z) = -z**2 - 10*z + 66. Let p be g(5). What are the prime factors of m(p)?
2, 23
Let r(x) = -6*x**2 + 7*x**2 - 4 - x**3 + 0*x**2 + 2 + 3*x. Let j be r(4). List the prime factors of (1 - j)*(1 + 0).
3, 13
Let t = 10576 - 4475. What are the prime factors of t?
6101
Let r(k) = k**2 - 5*k - 2. Let c be r(-3). Let w(q) = 4*q**2 + q + 3. Let t be w(-4). Let u = c + t. List the prime factors of u.
5, 17
Let f(p) = -p - 2. Let z(r) = -83*r - 57. Let k(q) = 5*f(q) - z(q). What are the prime factors of k(5)?
19, 23
Let m = -24833 - -46956. What are the prime factors of m?
22123
Let z(j) = 57*j. Let l be z(1). Let v = l - -18. Suppose 2*w + v = 309. What are the prime factors of w?
3, 13
Let o(a) = -3*a + 1. Let u be o(-2). Let g be -3 + 5 - (0 - 3). List the prime factors of ((-60)/u)/(g/(-35)).
2, 3, 5
List the prime factors of (-33 - 2346/(-68))/((-1)/(-12970)).
3, 5, 1297
Let p = 416 - -28. What are the prime factors of 8*7/14 + p?
2, 7
Let u(o) be the first derivative of o**3/3 - 4*o**2 - 144*o + 6. What are the prime factors of u(34)?
2, 5, 37
Suppose -9*z = -2*k - 14*z + 2926, 5*k - 7315 = -5*z. Let o = -718 + k. List the prime factors of o.
5, 149
Let x(t) = 6327*t**3 + 4*t**2 + 364*t - 726. What are the prime factors of x(2)?
2, 3, 29, 97
Let s(c) = -c**3 - c**2 + 10*c + 11. Let m be s(-9). Let h = m - 185. List the prime factors of h.
2, 3
Suppose -4*b + 6*v + 26238 = 0, 17*b + 4*v = 19*b - 13122. What are the prime factors of b?
3, 5, 19, 23
Let n(o) be the third derivative of o**5/30 + 11*o**4/24 + 5*o**3/3 + 2*o**2. Let h be n(-7). Let r = h - -42. What are the prime factors of r?
73
Let c = -51 - -55. Suppose j - 1528 = -c*u, -1216 + 70 = -3*u - j. List the prime factors of u.
2, 191
Let p(s) = 11*s. Let u(b) be the first derivative of 11*b**2/2 + b + 15. Let j(n) = -4*p(n) + 3*u(n). What are the prime factors of j(-2)?
5
What are the prime factors of (((-1423380)/(-49))/(-3))/(7/((-196)/8))?
2, 5, 3389
Suppose 18*b + 4*w = 16*b + 11112, 0 = -4*b - 4*w + 22212. List the prime factors of b.
2, 3, 5, 37
Let v(n) = -n**2 - 23*n - 37. Suppose -80 = -25*l + 30*l. Let f be v(l). Suppose -127 = -2*o + f. What are the prime factors of o?
101
Let h = 117 - -8. Suppose -h = -2*x - b + 347, -3*x = -b - 718. What are the prime factors of x?
2, 7, 17
Suppose -284*x - 35*x + 632346 = -10608895. List the prime factors of x.
131, 269
Suppose -5*z + 819 = 7*q - 3*q, 5*q + 354 = 2*z. Suppose l - z + 48 = 0. Let j = l - 55. List the prime factors of j.
2
Let i(b) = -2*b**2 + 9*b + 8. Let z be i(4). Suppose -5*t + 187 = z. Let l = t + -33. List the prime factors of l.
2
Let w(a) = 20067*a**2 - 35*a - 36. List the prime factors of w(-1).
2, 79, 127
Suppose n - 5 = m + 1, 9 = 4*n + m. Suppose 2*h - n = -1. Let t(a) = 50*a - 3. List the prime factors of t(h).
47
Let u be (-4)/6 - (-28)/6. Suppose -u*v - 4*s = 64, 5*v - 5*s = v - 73. Let b = v + 63. List the prime factors of b.
2, 23
Suppose 5*s + 535 = -650. Suppose -23919 = 46*f - 19*f + 40*f. Let u = s - f. What are the prime factors of u?
2, 3, 5
Let v(a) be the first derivative of -a**3/3 - 4*a**2 - 10*a + 4. Let i be v(-7). List the prime factors of (30 + -2 + i)*3/3.
5
Let h = 62260 - 39530. What are the prime factors of h?
2, 5, 2273
Suppose -53 = 11*z - 9. Let c(o) = -13*o - 22. Let q be c(z). Suppose -12*h - q = -13*h. List the prime factors of h.
2, 3, 5
Let n(c) = c + 3. Let m(b) = 32*b - 63. Let q(a) = m(a) + 5*n(a). List the prime factors of q(13).
433
Let t(j) = j**3 + 13*j**2 - j - 15. Let p be t(-13). List the prime factors of 418 - (-3 + p + 1).
2, 211
Suppose 296*q - 27148 = 295*q + z, -z - 3 = 0. List the prime factors of q.
5, 61, 89
Suppose 3461*u = 3476*u - 246075. List the prime factors of u.
5, 17, 193
Let m(i) = 6*i**3 - 55*i**2 - 14*i + 223. What are the prime factors of m(19)?
2, 2657
Let s = 717 + 926. List the prime factors of s.
31, 53
Suppose 3*p - 84978 = -3*o, 4*o - 1468*p = -1463*p + 113340. List the prime factors of o.
2, 5, 2833
Let u = -117 + -513. Let c = u - -1095. List the prime factors of c.
3, 5, 31
Let q be 4/6 + (-39)/(-9) + -5. Suppose 8*k - 1024 - 1576 = q. List the prime factors of k.
5, 13
L